+ 24*z - 4. Let h be i(3). Calculate the greatest common divisor of 8005 and h.
5
Let r = 396 - 32. Calculate the greatest common divisor of 130 and r.
26
Let i = -116 - -108. Let x be (-33)/132 + (-1298)/i. What is the highest common divisor of 36 and x?
18
Suppose -294 - 562 - 224 = -24*k. Calculate the highest common divisor of 648 and k.
9
Let s(t) = 8*t + 65. Let n be s(-8). Let c(a) = 59*a**2 - 9*a**2 + 0*a + 0 + 2 - 2*a. Let x be c(n). What is the highest common factor of 25 and x?
25
Let f(m) = -m + 93. Let j be f(18). Let a be 102 - (21/5 - 4)*10. What is the greatest common factor of a and j?
25
Let d = 79 + -42. Suppose -10*o - 57 = -21*o + 5*a, -5*a - 31 = 2*o. Calculate the greatest common factor of d and o.
1
Suppose -161*s + 44*s + 22698 = 0. What is the greatest common divisor of s and 1649?
97
Suppose 2*z = -3*y - 23 + 165, 2*y - 5*z - 120 = 0. Suppose -34*o + 32*o + 900 = 0. Calculate the highest common factor of y and o.
50
Let o = -36 - -42. Suppose 5*h - 12 = o*h. Let g be -1 - 1*(3 + h). Calculate the greatest common divisor of 80 and g.
8
Suppose -4*z = -5*i - 229, -z + 6*i - 2*i = -60. Let l be (-127)/381 + (-2)/(-9)*159. What is the highest common factor of z and l?
7
Let q(g) = -98*g - 5076. Let p be q(-52). Let v = 522 + -222. What is the highest common factor of p and v?
20
Let n = 81 - 76. Let p be (11*n/3)/((-15)/(-45)). What is the greatest common factor of 5 and p?
5
Let s(c) = c**2 - 18*c + 27. Let j be s(8). Let k = j - -48. Let u(y) = y**3 + 4*y**2 - 5*y + 4. Let f be u(k). Calculate the greatest common factor of 8 and f.
4
Let i(p) = -15 + 2 + 4*p + 2*p. Let z = 962 + -953. Let g be i(z). Calculate the highest common divisor of g and 287.
41
Let p be ((-212)/(-14))/((-302)/(-39109)). What is the greatest common divisor of 106 and p?
53
Let w be 9*4/(-12)*1204/3. Let h = 2116 + w. Calculate the highest common factor of h and 32.
16
Let l be -1 - (-5)/3 - ((-484)/3 - -1). Calculate the highest common factor of 119 and l.
7
Suppose -184*x = -9*x - 7000. What is the highest common factor of x and 620?
20
Let k(v) be the second derivative of -v**4/12 + 49*v**3/6 + 65*v**2/2 + 5*v - 16. Let i be k(0). What is the greatest common divisor of 5 and i?
5
Let c(y) = y**3 - 2*y**2 - 8*y + 3. Let s be c(4). Let w be (s - 2)/(6*(-5)/(-90)). Suppose 0 = -2*j + w*j - 4. What is the greatest common divisor of 2 and j?
2
Let r(z) = z**2 + 41*z + 215. Let b be r(-5). What is the greatest common factor of b and 1092?
7
Let c(f) = -f**3 + 11*f**2 - 11*f + 5. Let h be c(9). Suppose -16 = x - h. Let i = 169 - 39. What is the highest common factor of i and x?
26
Let v be -13*(-92)/12 - 4/6. What is the highest common divisor of v and 6?
3
Suppose 32*b - 152 = 4*c + 27*b, 0 = -4*c - 3*b - 152. Let z be (-10074)/c + (-46)/437. Calculate the greatest common divisor of 106 and z.
53
Let x = -12322 - -12391. Let c = -1 + 24. Calculate the highest common factor of c and x.
23
Suppose 135*v - 6249 = 1716. Calculate the greatest common factor of 1711 and v.
59
Let l(s) = s**3 + s**2 - 8*s. Let c be l(6). Let x be 34/8*(129 - (-2 - -11)). Calculate the greatest common factor of c and x.
102
Let l be 10946/(-13)*(94/16 + -6) - (-24)/32. Let d be (-1)/3 + (-5250)/(-9). Calculate the greatest common divisor of d and l.
53
Let k(d) = -732*d + 4. Let w be k(-6). Let l be (w/420 + (-2)/(-10))*36. What is the highest common factor of 12 and l?
12
Suppose 3*q - 196 = 5*a, 30*a - 29*a = 5*q - 378. Calculate the greatest common divisor of q and 6314.
77
Suppose 8*t + 414 = -10. Let n = 86 + t. Suppose -4*z + 0*z + 12 = 0. Calculate the greatest common factor of z and n.
3
Let l = 46 - -18. Suppose 3*n - 29 = -z, 0 = -n + 2*z + 19 - 0. Let c be n - -6*((-6)/4 - -1). What is the greatest common divisor of l and c?
8
Suppose 15 + 5 = 5*m. Let o = m - -3. Suppose 2380 = 100*w - 32*w. What is the greatest common factor of o and w?
7
Let k = -38 + 24. Let t = 16 + k. Let c be 2*-7*(-4)/28. What is the greatest common factor of c and t?
2
Let v be -75*(5 + 248/(-40)). Calculate the highest common factor of v and 310.
10
Let b(z) = 289*z**2 + 391*z + 1989. Let p be b(-5). Calculate the greatest common factor of 34 and p.
17
Suppose -3*s + 2*p = -2, 5 = 4*s - 2*p - 1. Let a be (-534)/(-15) - ((-40)/25)/s. Calculate the greatest common divisor of 9 and a.
9
Suppose -3*a = 2*a + r - 5708, 5*a + 4*r - 5687 = 0. What is the highest common divisor of a and 635?
127
Let p = 15 - 24. Let l(m) = 2*m - 14. Let a(z) = -5*z + 41. Let v(r) = 3*a(r) + 8*l(r). Let d be v(p). What is the highest common factor of 2 and d?
2
Let k = 6 - 6. Suppose 0 = 3*s + 8 - 80. Suppose k*n + s = 3*n. What is the greatest common divisor of n and 2?
2
Let u be (-6832)/22204 + 420/13. Let j(c) = -400*c**3. Let b be j(-1). What is the highest common factor of u and b?
16
Let l be (-29205)/(-80) + (15/(-48))/5. What is the highest common factor of l and 511?
73
Let w = -2 - -10. Suppose w*c - 12 = 28. Suppose r + 2 = 7. Calculate the greatest common factor of c and r.
5
Let b = -104 + 116. Let z be 64 + -3 + b/(-3). Calculate the highest common divisor of 9 and z.
3
Let l(r) = r**3 - 15*r + 15. Let b be l(6). What is the greatest common factor of b and 141?
141
Suppose -2*t + 79 - 33 = 0. Suppose -2*k + 65 = t. Let u(z) = -25*z + 1521. Let o be u(60). Calculate the highest common factor of o and k.
21
Let z = 474 - 468. Let g(u) = 19*u - 90. Let l be g(z). What is the highest common divisor of 344 and l?
8
Suppose 16*c = 14*c + 4*o - 9016, -5*c = -2*o + 22508. Let l be (c/(-70))/(-1 + 16/14). Calculate the greatest common divisor of 36 and l.
18
Let f be (-164)/((-4)/2) - 18. What is the highest common divisor of 128 and f?
64
Let a = 28 - 23. Suppose 11*q = -2*w + 8*q + 44, -q = -a*w + 110. Calculate the highest common factor of 275 and w.
11
Let x be 0 - (-7)/((-21)/(-48)). Let j = -67 + 163. Suppose -3*u + 9*u = j. What is the greatest common divisor of u and x?
16
Let t = 34925 + -34810. What is the highest common divisor of t and 1472?
23
Suppose -1302 = -25*j + 54 + 469. Calculate the highest common divisor of 3796 and j.
73
Suppose -14*c - 150 = -17*c + b, 0 = -4*b. Calculate the greatest common factor of 1500 and c.
50
Suppose -695 = -4*q - 679. Suppose 5*r = 2*r + q*a + 1020, -4*r - 5*a = -1329. What is the highest common divisor of 21 and r?
21
Let w = -2 + 12. Let u(j) = 2*j**3 + 16*j**2 - 2*j + 2. Let c be u(-8). Suppose c - 14 = 2*m. What is the highest common factor of w and m?
2
Let c = 3028 - 3008. Calculate the greatest common divisor of 960 and c.
20
Suppose 17*c - 1576 = 328. What is the greatest common divisor of c and 378?
14
Let z(d) = 7*d**2 - 10 - 2 + 100*d - d**3 - 120*d - 25*d**2. Let v be z(-17). Calculate the highest common divisor of 26 and v.
13
Let s = 11985 + -11301. What is the highest common divisor of s and 2565?
171
Let c be (-2)/(-12) + (-7411138)/(-804). Calculate the highest common divisor of 22 and c.
22
Let z(m) = 46*m - 3949. Let j be z(101). What is the highest common factor of j and 41?
41
Suppose -j - 2*y = -19, -7*j = -8*j + 6*y + 67. What is the highest common divisor of j and 28799?
31
Let c(q) = -3*q + 105. Let j be c(33). Suppose -a + 19 = j*f - 5*f, 2*a = -3*f + 52. What is the highest common divisor of f and 406?
14
Let i(n) = 11*n**2 - 33*n - 24. Let u be i(-9). What is the highest common divisor of u and 84?
12
Let j = -214 + 206. Let i be (11 + -13)*(j + 1). Calculate the greatest common divisor of 10 and i.
2
Let g(j) = -2*j**2 + 174*j + 360. Let s be g(89). Calculate the highest common factor of s and 1404.
4
Let d(x) = 2*x**3 - 9*x**2 - 17*x + 129. Let y be d(5). What is the greatest common factor of 184 and y?
23
Let k(t) be the third derivative of t**5/30 + 5*t**4/12 - 34*t**3/3 - 53*t**2. Let x be k(-13). What is the greatest common divisor of x and 80?
20
Let r be (-49800)/42*147/(-42). Calculate the greatest common factor of 25 and r.
25
Suppose -m = -1 - 4. Suppose -46*f + 997 = -1211. Suppose -21 + 6 = -2*u - m*z, -3*u + f = -z. Calculate the greatest common factor of 5 and u.
5
Let z = -7350 + 7598. What is the greatest common factor of 589 and z?
31
Suppose -4*s - 5*s = -9. Suppose -3*v - 4*h - 5 = 0, -4*v + 9 = -4*h - 3. 